{"id":18,"date":"2020-08-19T12:02:23","date_gmt":"2020-08-19T12:02:23","guid":{"rendered":"http:\/\/biennalezielonagora.pl\/2020\/?page_id=18"},"modified":"2021-02-01T14:26:04","modified_gmt":"2021-02-01T14:26:04","slug":"colophon","status":"publish","type":"page","link":"https:\/\/biennalezielonagora.pl\/2020\/en\/colophon\/","title":{"rendered":"Colophon"},"content":{"rendered":"\n<p>2020 Zielona G\u00f3ra Biennale<\/p>\n\n\n\n<p>Returning to the Future<\/p>\n\n\n\n<p><strong>Organized by:<\/strong><\/p>\n\n\n\n<p>BWA Zielona G\u00f3ra, Uniwersytet Zielonog\u00f3rski, Muzeum Ziemi Lubuskiej, Fundacja Salony<\/p>\n\n\n\n<p><strong>Curatorial team:<\/strong> Alicja Lewicka, Romuald Demidenko, Tomek Paw\u0142owski-Jarmo\u0142ajew, Wojciech Koz\u0142owski<\/p>\n\n\n\n<p><strong>Symposium curator:<\/strong><br>Artur Pastuszek<\/p>\n\n\n\n<p><strong>Production:<\/strong><br>Karolina Spiak<\/p>\n\n\n\n<p><strong>Production assistants:<\/strong><br>Kacper B\u0119dkowski, Ma\u0142gorzata Dobrucka, Katarzyna Sikora, Agnieszka Wiktor-Konopka, Ma\u0142gorzata Samojedna<\/p>\n\n\n\n<p><strong>Photographic documentation of exhibitions<\/strong><strong>:<\/strong><br>Marek Lalko<\/p>\n\n\n\n<p><strong>Photographic documentation of events<\/strong><strong>:<\/strong><br>Pawe\u0142 Janczaruk<\/p>\n\n\n\n<p><strong>Symposium live streaming:<br><\/strong>Jaros\u0142aw Wagner<\/p>\n\n\n\n<p><strong>Public programme and communications:<\/strong><br>Romuald Demidenko, Tomek Paw\u0142owski Jarmo\u0142ajew<\/p>\n\n\n\n<p><strong>Edited by:<\/strong> Ania Batko<\/p>\n\n\n\n<p><strong>Proofreading:<\/strong> Jolanta Pie\u0144kos<\/p>\n\n\n\n<p><strong>Translation:<\/strong> Marcin Wawrzy\u0144czak, Piotr Mierzwa<\/p>\n\n\n\n<p><strong>Organizational Committee:<\/strong><br>Paulina Komorowska-Birger (ISW UZ \/ Institute of Visual Art, University of Zielona G\u00f3ra), Marta Gendera (Fundacja Salony \/ Salony Foundation), Leszek Kania (Muzeum Ziemi Lubuskiej \/ Lubusz Land Museum), Katarzyna \u0141asi\u0144ska (kwestor UZ \/ Bursar, University of Zielona G\u00f3ra), Wioleta Har\u0119\u017alak (Urz\u0105d Miasta Zielona G\u00f3ra \/ City of Zielona G\u00f3ra)<\/p>\n\n\n\n<p><strong>Visual Identification:<\/strong><br>DWA Graphic Design Department (Karolina Pietrzyk, Gilbert Schneider, Tobias Wenig)<\/p>\n\n\n\n<p><strong>Academic consultant<\/strong><strong>:<\/strong><br>Dorota Jagoda Michalska<\/p>\n\n\n\n<p><strong>Exhibitions installed by<\/strong><strong>:<br><\/strong>\u0141ukasz Adamowicz, Bartek Buczek \/ Galeria Technik; Tomasz Relewicz, Sekcja Obs\u0142ugi Technicznej UZ: Adam Jadczak, Piotr Dobrucki, Henryk Sienkiewicz<\/p>\n\n\n\n<p><strong>Website:<\/strong><br>Bureau Castel (Lucian Bran)<\/p>\n\n\n\n<p><strong>Venues:<\/strong> BWA Zielona G\u00f3ra, Salony Foundation, University of Zielona G\u00f3ra Library Gallery, University of Zielona G\u00f3ra Institute of Visual Arts PWW Gallery, University of Zielona G\u00f3ra Rectorate Gallery, Lubusz Land Museum<\/p>\n\n\n\n<p>This exhibition is held under the patronage of the Honorable Chancellor of the University of Zielona G\u00f3ra, Prof. Wojciech Strzy\u017cewski.<\/p>\n\n\n\n<p>Supported by the Ministry of Culture and National Heritage through the Culture Promotion Fund<\/p>\n\n\n\n<p>Supported by the Institute of Visual Arts of the University of Zielona G\u00f3ra<\/p>\n\n\n\n<p>Supported by the City of Zielona G\u00f3ra<\/p>\n\n\n\n<p>The Organizers thank the National Museum in Pozna\u0144 and the Museum of Architecture in Wroc\u0142aw for leasing the work by Henryk Morel.<\/p>\n\n\n\n<p>The Organizers thank the Lubuski Theatre in Zielona G\u00f3ra for making possible the presentation of Miko\u0142aj Sobczak and Nicholas Grafia\u2019s performance, <em>Rooms<\/em>.<\/p>\n\n\n\n<p>+++<\/p>\n\n\n\n<p><strong>exhibition opening hours:<\/strong><\/p>\n\n\n\n<p>Galeria BWA \/ BWA Gallery:<br>Tuesday: 12:00-14:30<br>Wednesday-Saturday: 12:00-14:30; 15:30-19:00<br>Sunday: 11:00-14:30; 15:30-17:00<br>Monday: closed<\/p>\n\n\n\n<p>Muzeum Ziemi Lubuskiej \/ Lubusz Land Museum:<br>Wednesday-Friday:11.00-17.00<br>Saturday: 10:00-15:00<br>Sunday:10.00-16.00<br>Monday-Tuesday: closed<\/p>\n\n\n\n<p>Galeria Biblioteki Uniwersyteckiej \/ Gallery of the Library of the University of Zielona G\u00f3ra:<br>Monday-Friday: 9:00-17:00<br>Saturday-Sunday: closed<\/p>\n\n\n\n<p>Galeria Rektorat \/ Rektorat Gallery:<br>Monday-Friday: 7:00-15:00<br>Saturday-Sunday: closed<\/p>\n\n\n\n<p><br>Fundacja Salony \/ Salony Foundation<br>23.10 &#8211; 15.11<br>exhibition on view every Friday 16:00-20:00<br><br><\/p>\n\n\n\n<figure class=\"wp-block-image size-large\"><img loading=\"lazy\" width=\"700\" height=\"171\" src=\"http:\/\/biennalezielonagora.pl\/2020\/wp-content\/uploads\/2020\/10\/logos-700x171.png\" alt=\"\" class=\"wp-image-1153\" srcset=\"https:\/\/biennalezielonagora.pl\/2020\/wp-content\/uploads\/2020\/10\/logos-700x171.png 700w, https:\/\/biennalezielonagora.pl\/2020\/wp-content\/uploads\/2020\/10\/logos-250x61.png 250w, https:\/\/biennalezielonagora.pl\/2020\/wp-content\/uploads\/2020\/10\/logos-768x188.png 768w, https:\/\/biennalezielonagora.pl\/2020\/wp-content\/uploads\/2020\/10\/logos-1536x376.png 1536w, https:\/\/biennalezielonagora.pl\/2020\/wp-content\/uploads\/2020\/10\/logos-2048x501.png 2048w, https:\/\/biennalezielonagora.pl\/2020\/wp-content\/uploads\/2020\/10\/logos-120x29.png 120w\" sizes=\"(max-width: 700px) 100vw, 700px\" \/><\/figure>\n\n\n\n<p><\/p>\n\n\n\n<p><\/p>\n","protected":false},"excerpt":{"rendered":"2020 Zielona G\u00f3ra Biennale Returning to the Future Organized by: BWA Zielona G\u00f3ra, Uniwersytet Zielonog\u00f3rski, Muzeum Ziemi Lubuskiej, Fundacja Salony Curatorial team: Alicja Lewicka, Romuald Demidenko, Tomek Paw\u0142owski-Jarmo\u0142ajew, Wojciech Koz\u0142owski Symposium curator:Artur Pastuszek Production:Karolina Spiak Production assistants:Kacper B\u0119dkowski, Ma\u0142gorzata Dobrucka, Katarzyna Sikora, Agnieszka Wiktor-Konopka, Ma\u0142gorzata Samojedna Photographic documentation of exhibitions:Marek Lalko Photographic documentation of events:Pawe\u0142&#8230; <a class=\"view-article\" href=\"https:\/\/biennalezielonagora.pl\/2020\/en\/colophon\/\">View Article<\/a>","protected":false},"author":1,"featured_media":0,"parent":0,"menu_order":0,"comment_status":"closed","ping_status":"closed","template":"","meta":[],"_links":{"self":[{"href":"https:\/\/biennalezielonagora.pl\/2020\/wp-json\/wp\/v2\/pages\/18"}],"collection":[{"href":"https:\/\/biennalezielonagora.pl\/2020\/wp-json\/wp\/v2\/pages"}],"about":[{"href":"https:\/\/biennalezielonagora.pl\/2020\/wp-json\/wp\/v2\/types\/page"}],"author":[{"embeddable":true,"href":"https:\/\/biennalezielonagora.pl\/2020\/wp-json\/wp\/v2\/users\/1"}],"replies":[{"embeddable":true,"href":"https:\/\/biennalezielonagora.pl\/2020\/wp-json\/wp\/v2\/comments?post=18"}],"version-history":[{"count":8,"href":"https:\/\/biennalezielonagora.pl\/2020\/wp-json\/wp\/v2\/pages\/18\/revisions"}],"predecessor-version":[{"id":2121,"href":"https:\/\/biennalezielonagora.pl\/2020\/wp-json\/wp\/v2\/pages\/18\/revisions\/2121"}],"wp:attachment":[{"href":"https:\/\/biennalezielonagora.pl\/2020\/wp-json\/wp\/v2\/media?parent=18"}],"curies":[{"name":"wp","href":"https:\/\/api.w.org\/{rel}","templated":true}]}}